 Let u be (10 + 2)*d/26. Suppose 0 = t - 3*m - 3476, -m + u = 3*t - 4*m. Is t a prime number?
False
Suppose -5*w = 10, -w + 6 = -3*h - 139. Let n be (-8637)/21 - 14/h. Let m = n - -704. Is m prime?
True
Suppose -6*z - 54091 = -u, -68*u + 69*u + 2*z - 54147 = 0. Is u a composite number?
False
Suppose 1248483 + 2834764 = 17*h. Is h composite?
True
Suppose -145182 = -166*y + 160*y. Is y prime?
True
Let f = -914 + 915. Is ((-1802)/68)/(f - 270/268) composite?
True
Suppose 3*g = -6*g. Suppose 4*r - 3*z - 160 = -g*r, 0 = 3*r - z - 125. Suppose -r*u + 41*u = -138. Is u a composite number?
True
Is (-4)/14 + 28/441 - (-91412)/36 a composite number?
False
Let q = -4476 + 6631. Is q a composite number?
True
Let u(p) = 148*p**2 - p - 18. Let a = 594 + -583. Is u(a) composite?
True
Let n = 5 + -8. Let t = -3 + n. Is 22240/35 + t/14 a composite number?
True
Let x(q) = 4 + 23 + 7 + 10*q + q**2. Let y(p) = -2*p**2 + 11*p - 15. Let s be y(6). Is x(s) composite?
True
Suppose 2*z = -3*o + 1341841, -15*z + 19*z + 447299 = o. Is o prime?
False
Let n(f) = -66*f**3 + 35*f**2 - 7*f - 1. Is n(-15) prime?
True
Let i be (-10)/20 - ((-3)/2 + -2). Suppose -238 = -i*d + 803. Is d composite?
False
Suppose -2*c = 719 + 491. Let r = 3303 + c. Let d = r + -1041. Is d prime?
True
Suppose n - 3*y - 10474 = -2679, 4*y + 15586 = 2*n. Is n a composite number?
False
Suppose 2*m - 24655 - 12740 - 26953 = 0. Is m composite?
True
Let z = 128685 - -14972. Is z a composite number?
True
Let s(y) = -11*y**3 + 35*y**2 + 184*y + 233. Is s(-34) a prime number?
False
Let m = -3454 + 8757. Let t = -1953 + m. Let h = -1033 + t. Is h a prime number?
False
Let k = -430965 + 668758. Is k a prime number?
False
Let m = 83 - 167. Is (-147072)/m + (-60)/(-28) + -2 composite?
True
Suppose v - 162039 = -5*w, v - 118182 = w + 43869. Is v composite?
True
Suppose 14*n + 226599 = 61623. Let k = 19691 + n. Is k a composite number?
False
Let t(y) = 464*y**2 - 13*y + 26. Is t(-7) prime?
True
Let d be 1/((-5)/(-25)) + 8. Suppose d*p + 6310 = 15*p. Is p prime?
False
Is (-47395)/(-55) + (-27)/(-99) a prime number?
False
Suppose j = 7*j - 38202. Suppose 2687 + j = 6*z. Is z a prime number?
False
Suppose -70769 = -w + 3*h, 3*w + 366*h - 212267 = 365*h. Is w composite?
True
Let o be 20/140 + 20/7. Let k = 8 - 5. Suppose 0*w + 3*w + t = 430, -o*w = -k*t - 426. Is w composite?
True
Is 61475*((-126)/525)/((-2)/10) - -1 a prime number?
True
Let l = -1335169 + 1980174. Is l prime?
False
Let n(i) = -567*i + 541. Is n(-16) composite?
False
Suppose 0 = -33*h + 32*h + 276. Suppose 5*z - h = -21. Suppose 0 = -2*q + 3*d + 67, 54 + z = 5*q + 5*d. Is q a prime number?
False
Is 2392966/(-3)*(-18)/48 - (-1)/4 a composite number?
True
Let t(v) = 29*v**3 - v**2 + 4*v + 85. Is t(6) prime?
True
Let g(o) = o + 2*o - 4*o - 13 + o**2 - 5*o. Let u be g(8). Suppose 0*d - 9196 = -5*s - 3*d, 0 = -u*s + d + 5526. Is s composite?
True
Let o be (-1225)/385 + (-2)/(-11). Is 2971 - (2 - 12/o) a prime number?
False
Let l be ((-12)/27)/(((-32)/(-72))/(-2)). Suppose -2*j = -0*j, -l*b - 4*j + 7970 = 0. Is b a composite number?
True
Suppose 92*y - 343341 = 83*y. Is y a composite number?
False
Suppose 2*k = 9*k - 21. Suppose 0 = -h + 5*l + 3056, -3*h - k*l + 5*l = -9129. Is h prime?
True
Let l be ((-2)/(-8) - (-34)/(-8)) + 241. Let c = 16732 - l. Is c a prime number?
False
Let h(r) = -r**3 + 4*r. Let l be h(-2). Suppose 2*d = -l + 8. Suppose -573 = -3*c - 3*b, d*c - 1012 = b - 248. Is c prime?
True
Let k be (-7)/63 + -42*(-6)/81. Is ((-14206)/k)/(228/(-342)) a composite number?
False
Suppose -46*p + 13239375 = 151*p - 5228784. Is p prime?
False
Suppose 1154 = -9*g - 6604. Let o = g - -1275. Is o a composite number?
True
Let m(q) = -5249*q**3 - 5*q**2 - 5*q - 38. Is m(-5) prime?
True
Suppose 23042779 + 16391910 = 353*b. Is b prime?
False
Suppose 5*q = 4*o + 775881, 2*o - 136799 + 447151 = 2*q. Is q prime?
False
Suppose 1215*m = 1218*m - 12. Let u be ((-1)/2 - -1)*0. Suppose u = o - 5, 5*o = -3*k + m*o + 1766. Is k a composite number?
False
Let o(j) = 2 - 104*j + 36*j + 53*j. Let q be o(-4). Suppose 0 = -g - 3*w + 45, g + g - w - q = 0. Is g composite?
True
Is 4/(-3) - 31307088/(-144) composite?
False
Let p = -25534 - -123847. Is p a prime number?
False
Let s be (2/(-1) - 4)*16/(-6). Let v be s/(-6)*(-18)/24. Is 763 - (v - -8)*(-2)/5 composite?
True
Let g be (-122)/14 + 6/(-21). Let f = g + -1. Let j(t) = -27*t - 19. Is j(f) composite?
False
Suppose -4*t + 7784 = 1872. Let r = 836 - t. Let q = r + 1724. Is q a composite number?
True
Let i = 17 - 17. Let r = i + 223. Is r a prime number?
True
Suppose 0 = -5*l + 37*l - 1527328. Suppose -l = -3*a - 2*g, -4*a - 3*g - 38617 = -102256. Is a prime?
False
Let b = -2352 - -1584. Let h = 139 - b. Is h a composite number?
False
Let a(z) be the second derivative of z**5/20 + z**4 - 4*z**3/3 - z**2/2 - 208*z. Suppose -5*d - 21 - 27 = 2*b, -4*d + 5*b = 12. Is a(d) composite?
True
Let i(n) be the second derivative of 7*n**6/60 + n**5/40 + n**4/24 + n**3/2 + 23*n. Let o(v) be the second derivative of i(v). Is o(-2) composite?
False
Let l = -54727 - -89512. Suppose -4*f + 13913 = -2*f - z, 5*f = 2*z + l. Is f a composite number?
False
Suppose -12 = -u + 5*u. Is (2 + 10/u)/(2/(-2973)) composite?
True
Suppose 9*h = 6 - 159. Let s(b) = -b - 23. Let g be s(h). Let l(j) = -77*j - 15. Is l(g) a composite number?
True
Suppose 8*t - 4*t = 5*f - 68, 0 = -3*f + 5*t + 33. Let m be (f/56)/(1/7). Suppose 6*v - m*n = 4*v + 892, 5*v + 3*n = 2238. Is v a composite number?
True
Let g(j) = 1289*j + 84. Is g(37) prime?
True
Suppose 5*q + 5*x = 0, x + 7 + 1 = -5*q. Let z be q/4 - 225/(-2). Let d = z + -59. Is d composite?
False
Suppose -32*o + 21*o = -262614. Let l = -11573 + o. Is l prime?
True
Suppose -4*y = 24 - 28, -3*y - 123996 = -r. Is r composite?
True
Let x = -59 + 120. Let y = 66 - x. Suppose 2130 = 2*k + 2*f, -2*k + y*f = -3*k + 1081. Is k a prime number?
True
Let m be (-338)/(-6) - 15/45. Let k = 61 - m. Suppose -2*a + 2103 + 3650 = 5*t, -5*t + 5760 = -k*a. Is t prime?
True
Let r be (-3 - 115/5)/(-2). Let n(a) = 1721*a - 66. Is n(r) a composite number?
False
Let y(t) be the first derivative of 676*t**3/3 - 2*t**2 + 2*t + 14. Let s be y(1). Let n = -417 + s. Is n a prime number?
True
Let z be 14*8/((-96)/222). Is (-212491)/z + (-4)/(-7) a prime number?
True
Suppose -12513239 = 136*n - 38561455. Is n prime?
True
Let c = 687 - 387. Let k = c - 155. Is k a composite number?
True
Let o(h) be the second derivative of 2*h**3 - 13*h**2 - 233*h. Suppose 13 = n + 2. Is o(n) a composite number?
True
Let x = 56 - 50. Suppose -3*c - x = 0, -3*i + 2 = 5*c + 12. Is (-381)/2*140/(-30) + i composite?
True
Let b = -5797 - -9048. Is b composite?
False
Suppose 4*h + 0*t + 3*t = 3896, -4*h = 4*t - 3896. Let r = h - 528. Suppose 108 = -2*c + r. Is c a prime number?
False
Is 1/(-3) + 4/12 + (425495 - 388) a composite number?
False
Suppose -195*o - 6060403 = -35901058. Is o composite?
True
Let m(y) = 44*y**3 - 11*y**2 + 36*y - 40. Is m(9) prime?
True
Let b(l) = -4*l + 65 - 74 - 9*l**2 - 3*l + 134*l**2. Is b(4) a composite number?
True
Let i be (88/(-16) - -4)/(2/(-7460)). Suppose -3*d + i = 2*c, 0 = -3*c - 2 - 7. Is d a composite number?
False
Let v = -11846 + 27424. Is v prime?
False
Suppose -22*o - 262223 + 2822755 = -1921154. Is o a prime number?
True
Suppose 9*v = 74 + 232. Is 3600/v - (-20)/170 a prime number?
False
Suppose 0 = 10*l - 432 + 82. Suppose -l*y - 3764 = -33*y. Let d = 2913 + y. Is d a prime number?
True
Let a(f) = -3*f + 1046. Let w be a(0). Suppose r - w = -r. Is r a composite number?
False
Suppose 0 = -12*f + 85619 + 195889. Is f prime?
True
Let u be (3728/64)/(3/60). Suppose 5*q = -4*h + 29334 + u, 5*h - 12186 = -2*q. Is q a prime number?
False
Suppose 14*v - 41 - 1 = 0. Suppose 4*m = 16 + 4, 0 = -v*a + m + 6292. Is a composite?
False
Is 137691 - ((-434)/(-93) + (-8)/3) composite?
True
Let q(z) = 15830*z**2 - 45*z - 153. Is q(-4) composite?
False
Let k(f) = -24356*f + 19. Let a be k(-1). Suppose 7*y - a = 22924. Is y a composite number?
True
Let n(j) = 12*j**2 - 147*j - 1225. Is n(-8) a prime number?
True
Suppose -3*n + 16089 = 2*c, 5*c - 40220 = 3*n - 8*n. Suppose -38986 = -29*b - c. Is b a prime number?
False
Let t(f) = -f + 2